{"id":193,"date":"2021-11-25T23:22:01","date_gmt":"2021-11-25T22:22:01","guid":{"rendered":"https:\/\/floresdebachmariaoz.com\/?page_id=193"},"modified":"2025-07-05T12:35:59","modified_gmt":"2025-07-05T10:35:59","slug":"contacto","status":"publish","type":"page","link":"https:\/\/floresdebachmariaoz.com\/index.php\/contacto\/","title":{"rendered":"Contacto"},"content":{"rendered":"\t\t<div data-elementor-type=\"wp-page\" data-elementor-id=\"193\" class=\"elementor elementor-193\" data-elementor-settings=\"[]\">\n\t\t\t\t\t\t\t<div class=\"elementor-section-wrap\">\n\t\t\t\t\t\t\t<section class=\"elementor-section elementor-top-section elementor-element elementor-element-2e204cc elementor-reverse-mobile elementor-section-boxed elementor-section-height-default elementor-section-height-default\" data-id=\"2e204cc\" data-element_type=\"section\" data-settings=\"{&quot;background_background&quot;:&quot;classic&quot;}\">\n\t\t\t\t\t\t<div class=\"elementor-container elementor-column-gap-default\">\n\t\t\t\t\t<div class=\"elementor-column elementor-col-100 elementor-top-column elementor-element elementor-element-5ae9f1f\" data-id=\"5ae9f1f\" data-element_type=\"column\" data-settings=\"{&quot;background_background&quot;:&quot;classic&quot;}\">\n\t\t\t<div class=\"elementor-widget-wrap elementor-element-populated\">\n\t\t\t\t\t\t\t\t<div class=\"elementor-element elementor-element-67ae982 elementor-widget elementor-widget-image\" data-id=\"67ae982\" data-element_type=\"widget\" data-widget_type=\"image.default\">\n\t\t\t\t<div class=\"elementor-widget-container\">\n\t\t\t\t\t\t\t\t\t\t\t\t\t\t\t<img width=\"142\" height=\"200\" src=\"https:\/\/floresdebachmariaoz.com\/wp-content\/uploads\/2021\/11\/heart-36x51.png\" class=\"attachment-full size-full\" alt=\"\" loading=\"lazy\" srcset=\"https:\/\/floresdebachmariaoz.com\/wp-content\/uploads\/2021\/11\/heart.png 142w, https:\/\/floresdebachmariaoz.com\/wp-content\/uploads\/2021\/11\/heart-36x51.png 36w\" sizes=\"(max-width: 142px) 100vw, 142px\" \/>\t\t\t\t\t\t\t\t\t\t\t\t\t\t\t<\/div>\n\t\t\t\t<\/div>\n\t\t\t\t<div class=\"elementor-element elementor-element-9112695 elementor-widget elementor-widget-heading\" data-id=\"9112695\" data-element_type=\"widget\" data-widget_type=\"heading.default\">\n\t\t\t\t<div class=\"elementor-widget-container\">\n\t\t\t<h2 class=\"elementor-heading-title elementor-size-default\">Contacto<\/h2>\t\t<\/div>\n\t\t\t\t<\/div>\n\t\t\t\t\t<\/div>\n\t\t<\/div>\n\t\t\t\t\t\t\t<\/div>\n\t\t<\/section>\n\t\t\t\t<section class=\"elementor-section elementor-top-section elementor-element elementor-element-51d6439 elementor-section-height-full elementor-section-items-top elementor-section-content-top elementor-section-boxed elementor-section-height-default\" data-id=\"51d6439\" data-element_type=\"section\">\n\t\t\t\t\t\t<div class=\"elementor-container elementor-column-gap-wider\">\n\t\t\t\t\t<div class=\"elementor-column elementor-col-100 elementor-top-column elementor-element elementor-element-df6b14b\" data-id=\"df6b14b\" data-element_type=\"column\">\n\t\t\t<div class=\"elementor-widget-wrap elementor-element-populated\">\n\t\t\t\t\t\t\t\t<div class=\"elementor-element elementor-element-2f56694 elementor-widget elementor-widget-text-editor\" data-id=\"2f56694\" data-element_type=\"widget\" data-widget_type=\"text-editor.default\">\n\t\t\t\t<div class=\"elementor-widget-container\">\n\t\t\t\t\t\t\t<p style=\"font-size: 18px; font-style: normal; font-weight: 400; color: #7a7a7a; font-family: Hind, sans-serif;\"><span style=\"border: 0px; font-style: inherit; margin: 0px; outline: 0px; padding: 0px; vertical-align: baseline;\">Te invito a que solicites tu consulta de informaci\u00f3n por WSP, mail o por el formulario, para que podamos concertar una cita informativa, y as\u00ed puedas conocer m\u00e1s sobre la terapia que hago, plantearme tus dudas y ver c\u00f3mo te puedo ayudar.<\/span><\/p>\t\t\t\t\t\t<\/div>\n\t\t\t\t<\/div>\n\t\t\t\t<div class=\"elementor-element elementor-element-37e0709 elementor-align-center elementor-icon-list--layout-traditional elementor-list-item-link-full_width elementor-widget elementor-widget-icon-list\" data-id=\"37e0709\" data-element_type=\"widget\" data-widget_type=\"icon-list.default\">\n\t\t\t\t<div class=\"elementor-widget-container\">\n\t\t\t\t\t<ul class=\"elementor-icon-list-items\">\n\t\t\t\t\t\t\t<li class=\"elementor-icon-list-item\">\n\t\t\t\t\t\t\t\t\t\t\t<span class=\"elementor-icon-list-icon\">\n\t\t\t\t\t\t\t<i aria-hidden=\"true\" class=\"fab fa-whatsapp\"><\/i>\t\t\t\t\t\t<\/span>\n\t\t\t\t\t\t\t\t\t\t<span class=\"elementor-icon-list-text\">+34 696 457 521<\/span>\n\t\t\t\t\t\t\t\t\t<\/li>\n\t\t\t\t\t\t\t\t<li class=\"elementor-icon-list-item\">\n\t\t\t\t\t\t\t\t\t\t\t<a href=\"mailto:floresdebachmariaoz@gmail.com\">\n\n\t\t\t\t\t\t\t\t\t\t\t\t<span class=\"elementor-icon-list-icon\">\n\t\t\t\t\t\t\t<i aria-hidden=\"true\" class=\"far fa-comment\"><\/i>\t\t\t\t\t\t<\/span>\n\t\t\t\t\t\t\t\t\t\t<span class=\"elementor-icon-list-text\">floresdebachmariaoz@gmail.com<\/span>\n\t\t\t\t\t\t\t\t\t\t\t<\/a>\n\t\t\t\t\t\t\t\t\t<\/li>\n\t\t\t\t\t\t\t\t<li class=\"elementor-icon-list-item\">\n\t\t\t\t\t\t\t\t\t\t\t<a href=\"https:\/\/www.facebook.com\/comolanievealsol\/\">\n\n\t\t\t\t\t\t\t\t\t\t\t\t<span class=\"elementor-icon-list-icon\">\n\t\t\t\t\t\t\t<i aria-hidden=\"true\" class=\"fab fa-facebook-f\"><\/i>\t\t\t\t\t\t<\/span>\n\t\t\t\t\t\t\t\t\t\t<span class=\"elementor-icon-list-text\">Flores de Bach Manual de Iniciaci\u00f3n<\/span>\n\t\t\t\t\t\t\t\t\t\t\t<\/a>\n\t\t\t\t\t\t\t\t\t<\/li>\n\t\t\t\t\t\t\t\t<li class=\"elementor-icon-list-item\">\n\t\t\t\t\t\t\t\t\t\t\t<span class=\"elementor-icon-list-icon\">\n\t\t\t\t\t\t\t<i aria-hidden=\"true\" class=\"far fa-calendar-alt\"><\/i>\t\t\t\t\t\t<\/span>\n\t\t\t\t\t\t\t\t\t\t<span class=\"elementor-icon-list-text\">Terapia Online y tambi\u00e9n en Consulta privada en Donostia-San Sebastian (Centro) Previa cita<\/span>\n\t\t\t\t\t\t\t\t\t<\/li>\n\t\t\t\t\t\t<\/ul>\n\t\t\t\t<\/div>\n\t\t\t\t<\/div>\n\t\t\t\t\t<\/div>\n\t\t<\/div>\n\t\t\t\t\t\t\t<\/div>\n\t\t<\/section>\n\t\t\t\t\t\t<\/div>\n\t\t\t\t\t<\/div>\n\t\t","protected":false},"excerpt":{"rendered":"<p>Contacto Te invito a que solicites tu consulta de informaci\u00f3n por WSP, mail o por el formulario, para que podamos concertar una cita informativa, y as\u00ed puedas conocer m\u00e1s sobre la terapia que hago, plantearme tus dudas y ver c\u00f3mo te puedo ayudar. +34 696 457 521 floresdebachmariaoz@gmail.com Flores de Bach Manual de Iniciaci\u00f3n Terapia &hellip;<\/p>\n<p class=\"read-more\"> <a class=\"\" href=\"https:\/\/floresdebachmariaoz.com\/index.php\/contacto\/\"> <span class=\"screen-reader-text\">Contacto<\/span> Leer m\u00e1s &raquo;<\/a><\/p>\n","protected":false},"author":1,"featured_media":0,"parent":0,"menu_order":0,"comment_status":"closed","ping_status":"closed","template":"elementor_theme","meta":{"site-sidebar-layout":"no-sidebar","site-content-layout":"page-builder","ast-main-header-display":"","ast-hfb-above-header-display":"","ast-hfb-below-header-display":"","ast-hfb-mobile-header-display":"","site-post-title":"disabled","ast-breadcrumbs-content":"disabled","ast-featured-img":"disabled","footer-sml-layout":"","theme-transparent-header-meta":"default","adv-header-id-meta":"","stick-header-meta":"","header-above-stick-meta":"","header-main-stick-meta":"","header-below-stick-meta":""},"yoast_head":"<!-- This site is optimized with the Yoast SEO plugin v17.6 - https:\/\/yoast.com\/wordpress\/plugins\/seo\/ -->\n<title>Flores de Bach Manual de Iniciaci\u00f3n<\/title>\n<meta name=\"description\" content=\"Flores de Bach Manual de Iniciaci\u00f3n: Emociones en Equilibrio para la Vida, con Referencias a Grupos Emocionales -Mar\u00eda OZEL\" \/>\n<meta name=\"robots\" content=\"index, follow, max-snippet:-1, max-image-preview:large, max-video-preview:-1\" \/>\n<link rel=\"canonical\" href=\"https:\/\/floresdebachmariaoz.com\/index.php\/contacto\/\" \/>\n<meta property=\"og:locale\" content=\"es_ES\" \/>\n<meta property=\"og:type\" content=\"article\" \/>\n<meta property=\"og:title\" content=\"Flores de Bach Manual de Iniciaci\u00f3n\" \/>\n<meta property=\"og:description\" content=\"Flores de Bach Manual de Iniciaci\u00f3n: Emociones en Equilibrio para la Vida, con Referencias a Grupos Emocionales -Mar\u00eda OZEL\" \/>\n<meta property=\"og:url\" content=\"https:\/\/floresdebachmariaoz.com\/index.php\/contacto\/\" \/>\n<meta property=\"og:site_name\" content=\"Flores de Bach\" \/>\n<meta property=\"article:modified_time\" content=\"2025-07-05T10:35:59+00:00\" \/>\n<meta property=\"og:image\" content=\"https:\/\/floresdebachmariaoz.com\/wp-content\/uploads\/2021\/11\/heart-36x51.png\" \/>\n<meta name=\"twitter:card\" content=\"summary_large_image\" \/>\n<meta name=\"twitter:label1\" content=\"Tiempo de lectura\" \/>\n\t<meta name=\"twitter:data1\" content=\"1 minuto\" \/>\n<script type=\"application\/ld+json\" class=\"yoast-schema-graph\">{\"@context\":\"https:\/\/schema.org\",\"@graph\":[{\"@type\":\"WebSite\",\"@id\":\"https:\/\/floresdebachmariaoz.com\/#website\",\"url\":\"https:\/\/floresdebachmariaoz.com\/\",\"name\":\"Flores de Bach\",\"description\":\"Manual de Ininiaci\\u00f3n\",\"potentialAction\":[{\"@type\":\"SearchAction\",\"target\":{\"@type\":\"EntryPoint\",\"urlTemplate\":\"https:\/\/floresdebachmariaoz.com\/?s={search_term_string}\"},\"query-input\":\"required name=search_term_string\"}],\"inLanguage\":\"es\"},{\"@type\":\"ImageObject\",\"@id\":\"https:\/\/floresdebachmariaoz.com\/index.php\/contacto\/#primaryimage\",\"inLanguage\":\"es\",\"url\":\"https:\/\/floresdebachmariaoz.com\/wp-content\/uploads\/2021\/11\/heart.png\",\"contentUrl\":\"https:\/\/floresdebachmariaoz.com\/wp-content\/uploads\/2021\/11\/heart.png\",\"width\":142,\"height\":200},{\"@type\":\"WebPage\",\"@id\":\"https:\/\/floresdebachmariaoz.com\/index.php\/contacto\/#webpage\",\"url\":\"https:\/\/floresdebachmariaoz.com\/index.php\/contacto\/\",\"name\":\"Flores de Bach Manual de Iniciaci\\u00f3n\",\"isPartOf\":{\"@id\":\"https:\/\/floresdebachmariaoz.com\/#website\"},\"primaryImageOfPage\":{\"@id\":\"https:\/\/floresdebachmariaoz.com\/index.php\/contacto\/#primaryimage\"},\"datePublished\":\"2021-11-25T22:22:01+00:00\",\"dateModified\":\"2025-07-05T10:35:59+00:00\",\"description\":\"Flores de Bach Manual de Iniciaci\\u00f3n: Emociones en Equilibrio para la Vida, con Referencias a Grupos Emocionales -Mar\\u00eda OZEL\",\"breadcrumb\":{\"@id\":\"https:\/\/floresdebachmariaoz.com\/index.php\/contacto\/#breadcrumb\"},\"inLanguage\":\"es\",\"potentialAction\":[{\"@type\":\"ReadAction\",\"target\":[\"https:\/\/floresdebachmariaoz.com\/index.php\/contacto\/\"]}]},{\"@type\":\"BreadcrumbList\",\"@id\":\"https:\/\/floresdebachmariaoz.com\/index.php\/contacto\/#breadcrumb\",\"itemListElement\":[{\"@type\":\"ListItem\",\"position\":1,\"name\":\"Portada\",\"item\":\"https:\/\/floresdebachmariaoz.com\/\"},{\"@type\":\"ListItem\",\"position\":2,\"name\":\"Contacto\"}]}]}<\/script>\n<!-- \/ Yoast SEO plugin. -->","yoast_head_json":{"title":"Flores de Bach Manual de Iniciaci\u00f3n","description":"Flores de Bach Manual de Iniciaci\u00f3n: Emociones en Equilibrio para la Vida, con Referencias a Grupos Emocionales -Mar\u00eda OZEL","robots":{"index":"index","follow":"follow","max-snippet":"max-snippet:-1","max-image-preview":"max-image-preview:large","max-video-preview":"max-video-preview:-1"},"canonical":"https:\/\/floresdebachmariaoz.com\/index.php\/contacto\/","og_locale":"es_ES","og_type":"article","og_title":"Flores de Bach Manual de Iniciaci\u00f3n","og_description":"Flores de Bach Manual de Iniciaci\u00f3n: Emociones en Equilibrio para la Vida, con Referencias a Grupos Emocionales -Mar\u00eda OZEL","og_url":"https:\/\/floresdebachmariaoz.com\/index.php\/contacto\/","og_site_name":"Flores de Bach","article_modified_time":"2025-07-05T10:35:59+00:00","og_image":[{"url":"https:\/\/floresdebachmariaoz.com\/wp-content\/uploads\/2021\/11\/heart-36x51.png"}],"twitter_card":"summary_large_image","twitter_misc":{"Tiempo de lectura":"1 minuto"},"schema":{"@context":"https:\/\/schema.org","@graph":[{"@type":"WebSite","@id":"https:\/\/floresdebachmariaoz.com\/#website","url":"https:\/\/floresdebachmariaoz.com\/","name":"Flores de Bach","description":"Manual de Ininiaci\u00f3n","potentialAction":[{"@type":"SearchAction","target":{"@type":"EntryPoint","urlTemplate":"https:\/\/floresdebachmariaoz.com\/?s={search_term_string}"},"query-input":"required name=search_term_string"}],"inLanguage":"es"},{"@type":"ImageObject","@id":"https:\/\/floresdebachmariaoz.com\/index.php\/contacto\/#primaryimage","inLanguage":"es","url":"https:\/\/floresdebachmariaoz.com\/wp-content\/uploads\/2021\/11\/heart.png","contentUrl":"https:\/\/floresdebachmariaoz.com\/wp-content\/uploads\/2021\/11\/heart.png","width":142,"height":200},{"@type":"WebPage","@id":"https:\/\/floresdebachmariaoz.com\/index.php\/contacto\/#webpage","url":"https:\/\/floresdebachmariaoz.com\/index.php\/contacto\/","name":"Flores de Bach Manual de Iniciaci\u00f3n","isPartOf":{"@id":"https:\/\/floresdebachmariaoz.com\/#website"},"primaryImageOfPage":{"@id":"https:\/\/floresdebachmariaoz.com\/index.php\/contacto\/#primaryimage"},"datePublished":"2021-11-25T22:22:01+00:00","dateModified":"2025-07-05T10:35:59+00:00","description":"Flores de Bach Manual de Iniciaci\u00f3n: Emociones en Equilibrio para la Vida, con Referencias a Grupos Emocionales -Mar\u00eda OZEL","breadcrumb":{"@id":"https:\/\/floresdebachmariaoz.com\/index.php\/contacto\/#breadcrumb"},"inLanguage":"es","potentialAction":[{"@type":"ReadAction","target":["https:\/\/floresdebachmariaoz.com\/index.php\/contacto\/"]}]},{"@type":"BreadcrumbList","@id":"https:\/\/floresdebachmariaoz.com\/index.php\/contacto\/#breadcrumb","itemListElement":[{"@type":"ListItem","position":1,"name":"Portada","item":"https:\/\/floresdebachmariaoz.com\/"},{"@type":"ListItem","position":2,"name":"Contacto"}]}]}},"_links":{"self":[{"href":"https:\/\/floresdebachmariaoz.com\/index.php\/wp-json\/wp\/v2\/pages\/193"}],"collection":[{"href":"https:\/\/floresdebachmariaoz.com\/index.php\/wp-json\/wp\/v2\/pages"}],"about":[{"href":"https:\/\/floresdebachmariaoz.com\/index.php\/wp-json\/wp\/v2\/types\/page"}],"author":[{"embeddable":true,"href":"https:\/\/floresdebachmariaoz.com\/index.php\/wp-json\/wp\/v2\/users\/1"}],"replies":[{"embeddable":true,"href":"https:\/\/floresdebachmariaoz.com\/index.php\/wp-json\/wp\/v2\/comments?post=193"}],"version-history":[{"count":25,"href":"https:\/\/floresdebachmariaoz.com\/index.php\/wp-json\/wp\/v2\/pages\/193\/revisions"}],"predecessor-version":[{"id":278,"href":"https:\/\/floresdebachmariaoz.com\/index.php\/wp-json\/wp\/v2\/pages\/193\/revisions\/278"}],"wp:attachment":[{"href":"https:\/\/floresdebachmariaoz.com\/index.php\/wp-json\/wp\/v2\/media?parent=193"}],"curies":[{"name":"wp","href":"https:\/\/api.w.org\/{rel}","templated":true}]}}